f 5091?
5
What is the units digit of 16772?
2
What is the tens digit of 350?
5
What is the units digit of 2265?
5
What is the units digit of 1219?
9
What is the hundreds digit of 1047?
0
What is the units digit of 415?
5
What is the hundreds digit of 4188?
1
What is the tens digit of 18432?
3
What is the units digit of 1406?
6
What is the hundreds digit of 8857?
8
What is the units digit of 1581?
1
What is the hundreds digit of 183?
1
What is the hundreds digit of 6127?
1
What is the hundreds digit of 321?
3
What is the hundreds digit of 35075?
0
What is the tens digit of 66?
6
What is the units digit of 716?
6
What is the ten thousands digit of 11681?
1
What is the hundreds digit of 1648?
6
What is the units digit of 5832?
2
What is the ten thousands digit of 61851?
6
What is the tens digit of 1304?
0
What is the hundreds digit of 2964?
9
What is the tens digit of 527?
2
What is the units digit of 5?
5
What is the thousands digit of 8918?
8
What is the ten thousands digit of 47857?
4
What is the units digit of 127622?
2
What is the ten thousands digit of 16618?
1
What is the hundreds digit of 78937?
9
What is the hundreds digit of 12124?
1
What is the thousands digit of 1823?
1
What is the tens digit of 104?
0
What is the units digit of 1634?
4
What is the hundreds digit of 53698?
6
What is the units digit of 45931?
1
What is the thousands digit of 188949?
8
What is the units digit of 124?
4
What is the hundreds digit of 3097?
0
What is the thousands digit of 11335?
1
What is the units digit of 47925?
5
What is the thousands digit of 5760?
5
What is the tens digit of 418?
1
What is the hundreds digit of 11259?
2
What is the units digit of 1928?
8
What is the tens digit of 621?
2
What is the units digit of 18422?
2
What is the ten thousands digit of 13153?
1
What is the tens digit of 3162?
6
What is the thousands digit of 19595?
9
What is the thousands digit of 2407?
2
What is the thousands digit of 20741?
0
What is the thousands digit of 5200?
5
What is the units digit of 918?
8
What is the units digit of 17751?
1
What is the thousands digit of 1670?
1
What is the tens digit of 2739?
3
What is the thousands digit of 16572?
6
What is the hundreds digit of 11724?
7
What is the tens digit of 45509?
0
What is the units digit of 84977?
7
What is the units digit of 2150?
0
What is the units digit of 66?
6
What is the hundreds digit of 2429?
4
What is the hundreds digit of 1570?
5
What is the thousands digit of 9520?
9
What is the hundreds digit of 2026?
0
What is the units digit of 4817?
7
What is the tens digit of 8675?
7
What is the units digit of 965?
5
What is the tens digit of 16115?
1
What is the hundreds digit of 11346?
3
What is the units digit of 8446?
6
What is the hundreds digit of 635?
6
What is the ten thousands digit of 64064?
6
What is the ten thousands digit of 13134?
1
What is the units digit of 734?
4
What is the units digit of 55997?
7
What is the hundreds digit of 129?
1
What is the hundreds digit of 1445?
4
What is the hundreds digit of 10523?
5
What is the hundreds digit of 21024?
0
What is the units digit of 321?
1
What is the tens digit of 2017?
1
What is the ten thousands digit of 16057?
1
What is the tens digit of 195?
9
What is the tens digit of 14559?
5
What is the units digit of 1459?
9
What is the units digit of 1656?
6
What is the tens digit of 11773?
7
What is the thousands digit of 5065?
5
What is the tens digit of 125?
2
What is the hundreds digit of 1718?
7
What is the thousands digit of 5336?
5
What is the units digit of 14620?
0
What is the hundreds digit of 1292?
2
What is the units digit of 112283?
3
What is the thousands digit of 12138?
2
What is the hundreds digit of 7006?
0
What is the tens digit of 72446?
4
What is the units digit of 66767?
7
What is the units digit of 8909?
9
What is the hundreds digit of 18543?
5
What is the thousands digit of 24963?
4
What is the hundreds digit of 16596?
5
What is the thousands digit of 4778?
4
What is the tens digit of 1747?
4
What is the hundreds digit of 27912?
9
What is the tens digit of 19721?
2
What is the thousands digit of 70305?
0
What is the units digit of 232?
2
What is the hundreds digit of 5238?
2
What is the tens digit of 3962?
6
What is the thousands digit of 1999?
1
What is the units digit of 1502?
2
What is the units digit of 266?
6
What is the hundreds digit of 501?
5
What is the thousands digit of 16281?
6
What is the hundreds digit of 4190?
1
What is the thousands digit of 120985?
0
What is the units digit of 1708?
8
What is the hundreds digit of 470?
4
What is the hundreds digit of 22650?
6
What is the tens digit of 3539?
3
What is the tens digit of 492?
9
What is the units digit of 14489?
9
What is the ten thousands digit of 47697?
4
What is the hundreds digit of 789?
7
What is the hundreds digit of 1010?
0
What is the tens digit of 9785?
8
What is the tens digit of 749?
4
What is the tens digit of 23?
2
What is the hundreds digit of 65420?
4
What is the thousands digit of 157668?
7
What is the hundreds digit of 20312?
3
What is the ten thousands digit of 56860?
5
What is the hundreds digit of 8306?
3
What is the hundreds digit of 7450?
4
What is the hundreds digit of 3170?
1
What is the hundreds digit of 12857?
8
What is the ten thousands digit of 19838?
1
What is the tens digit of 1615?
1
What is the hundreds digit of 2413?
4
What is the hundreds digit of 9584?
5
What is the units digit of 99873?
3
What is the hundreds digit of 33301?
3
What is the units digit of 4819?
9
What is the ten thousands digit of 66944?
6
What is the tens digit of 1271?
7
What is the hundreds digit of 6752?
7
What is the hundreds digit of 84229?
2
What is the units digit of 61141?
1
What is the units digit of 1673?
3
What is the thousands digit of 4850?
4
What is the thousands digit of 123526?
3
What is the ten thousands digit of 10219?
1
What is the hundreds digit of 44139?
1
What is the hundreds digit of 1622?
6
What is the hundreds digit of 116357?
3
What is the units digit of 19115?
5
What is the units digit of 38?
8
What is the units digit of 438?
8
What is the units digit of 1721?
1
What is the ten thousands digit of 37024?
3
What is the tens digit of 2598?
9
What is the tens digit of 233?
3
What is the units digit of 324?
4
What is the hundreds digit of 53640?
6
What is the hundred thousands digit of 126037?
1
What is the tens digit of 4085?
8
What is the units digit of 120?
0
What is the hundreds digit of 2823?
8
What is the thousands digit of 7886?
7
What is the hundreds digit of 2067?
0
What is the units digit of 15579?
9
What is the thousands digit of 128695?
8
What is the tens digit of 173678?
7
What is the tens digit of 1690?
9
What is the thousands digit of 123453?
3
What is the units digit of 3289?
9
What is the tens digit of 285?
8
What is the hundreds digit of 945?
9
What is the tens digit of 1098?
9
What is the tens digit of 3630?
3
What is the tens digit of 2182?
8
What is the thousands digit of 7756?
7
What is the tens digit of 2987?
8
What is the tens digit of 48054?
5
What is the hundreds digit of 461?
4
What is the hundreds digit of 3036?
0
What is the tens digit of 3668?
6
What is the thousands digit of 33001?
3
What is the units digit of 53036?
6
What is the hundreds digit of 102?
1
What is the ten thousands digit of 58102?
5
What is the hundreds digit of 1073?
0
What is the tens digit of 5437?
3
What is the tens digit of 19447?
4
What is the thousands digit of 1666?
1
What is the thousands digit of 2588?
2
What is the tens digit of 3317?
1
What is the tens digit of 5011?
1
What is the units digit of 901?
1
What is the hundreds digit of 13121?
1
What is the thousands digit of 6833?
6
What is the units digit of 3539?
9
What is the units digit of 10987?
7
What is the hundreds digit of 8483?
4
What is the tens digit of 89?
8
What is the tens digit of 31136?
3
What is the thousands digit of 40291?
0
What is the hundreds digit of 25123?
1
What is the units digit of 674?
4
What is the hundreds digit of 2333?
3
What is the hundreds digit of 5712?
7
What is the thousands digit of 1070?
1
What is the hundreds digit of 140?
1
What is the units digit of 92781?
1
What is the hundreds digit of 26767?
7
What is the thousands digit of 1173?
1
What is the u